[INFO] cloning repository https://github.com/bumzack/rust-parser-combinator
[INFO] running `Command { std: "git" "-c" "credential.helper=" "-c" "credential.helper=/workspace/cargo-home/bin/git-credential-null" "clone" "--bare" "https://github.com/bumzack/rust-parser-combinator" "/workspace/cache/git-repos/https%3A%2F%2Fgithub.com%2Fbumzack%2Frust-parser-combinator", kill_on_drop: false }`
[INFO] [stderr] Cloning into bare repository '/workspace/cache/git-repos/https%3A%2F%2Fgithub.com%2Fbumzack%2Frust-parser-combinator'...
[INFO] running `Command { std: "git" "rev-parse" "HEAD", kill_on_drop: false }`
[INFO] [stdout] 7ee91079fdf48b75bcac032ce9dc09fd2fac24ea
[INFO] checking bumzack/rust-parser-combinator against master#cfbc6d4cf1acbac5c025acf8ed68929caa551df3 for pr-75494-beta
[INFO] running `Command { std: "git" "clone" "/workspace/cache/git-repos/https%3A%2F%2Fgithub.com%2Fbumzack%2Frust-parser-combinator" "/workspace/builds/worker-8/source", kill_on_drop: false }`
[INFO] [stderr] Cloning into '/workspace/builds/worker-8/source'...
[INFO] [stderr] done.
[INFO] validating manifest of git repo https://github.com/bumzack/rust-parser-combinator on toolchain cfbc6d4cf1acbac5c025acf8ed68929caa551df3
[INFO] running `Command { std: "/workspace/cargo-home/bin/cargo" "+cfbc6d4cf1acbac5c025acf8ed68929caa551df3" "read-manifest" "--manifest-path" "Cargo.toml", kill_on_drop: false }`
[INFO] started tweaking git repo https://github.com/bumzack/rust-parser-combinator
[INFO] finished tweaking git repo https://github.com/bumzack/rust-parser-combinator
[INFO] tweaked toml for git repo https://github.com/bumzack/rust-parser-combinator written to /workspace/builds/worker-8/source/Cargo.toml
[INFO] crate git repo https://github.com/bumzack/rust-parser-combinator already has a lockfile, it will not be regenerated
[INFO] running `Command { std: "/workspace/cargo-home/bin/cargo" "+cfbc6d4cf1acbac5c025acf8ed68929caa551df3" "fetch" "--locked" "--manifest-path" "Cargo.toml", kill_on_drop: false }`
[INFO] running `Command { std: "docker" "create" "-v" "/var/lib/crater-agent-workspace/builds/worker-8/target:/opt/rustwide/target:rw,Z" "-v" "/var/lib/crater-agent-workspace/builds/worker-8/source:/opt/rustwide/workdir:ro,Z" "-v" "/var/lib/crater-agent-workspace/cargo-home:/opt/rustwide/cargo-home:ro,Z" "-v" "/var/lib/crater-agent-workspace/rustup-home:/opt/rustwide/rustup-home:ro,Z" "-e" "SOURCE_DIR=/opt/rustwide/workdir" "-e" "CARGO_TARGET_DIR=/opt/rustwide/target" "-e" "CARGO_HOME=/opt/rustwide/cargo-home" "-e" "RUSTUP_HOME=/opt/rustwide/rustup-home" "-w" "/opt/rustwide/workdir" "-m" "1610612736" "--user" "0:0" "--network" "none" "rustops/crates-build-env@sha256:a636fd89d022f18117e1dc8fb37a0a009933cdbbe082814857f0e2024962d47c" "/opt/rustwide/cargo-home/bin/cargo" "+cfbc6d4cf1acbac5c025acf8ed68929caa551df3" "metadata" "--no-deps" "--format-version=1", kill_on_drop: false }`
[INFO] [stdout] a1af787ad7913f751d8c02f110cfed390c8e7395dc229d3df79f304130837f80
[INFO] [stderr] WARNING: Your kernel does not support swap limit capabilities or the cgroup is not mounted. Memory limited without swap.
[INFO] running `Command { std: "docker" "start" "-a" "a1af787ad7913f751d8c02f110cfed390c8e7395dc229d3df79f304130837f80", kill_on_drop: false }`
[INFO] running `Command { std: "docker" "inspect" "a1af787ad7913f751d8c02f110cfed390c8e7395dc229d3df79f304130837f80", kill_on_drop: false }`
[INFO] running `Command { std: "docker" "rm" "-f" "a1af787ad7913f751d8c02f110cfed390c8e7395dc229d3df79f304130837f80", kill_on_drop: false }`
[INFO] [stdout] a1af787ad7913f751d8c02f110cfed390c8e7395dc229d3df79f304130837f80
[INFO] running `Command { std: "docker" "create" "-v" "/var/lib/crater-agent-workspace/builds/worker-8/target:/opt/rustwide/target:rw,Z" "-v" "/var/lib/crater-agent-workspace/builds/worker-8/source:/opt/rustwide/workdir:ro,Z" "-v" "/var/lib/crater-agent-workspace/cargo-home:/opt/rustwide/cargo-home:ro,Z" "-v" "/var/lib/crater-agent-workspace/rustup-home:/opt/rustwide/rustup-home:ro,Z" "-e" "SOURCE_DIR=/opt/rustwide/workdir" "-e" "CARGO_TARGET_DIR=/opt/rustwide/target" "-e" "CARGO_INCREMENTAL=0" "-e" "RUST_BACKTRACE=full" "-e" "RUSTFLAGS=--cap-lints=forbid" "-e" "CARGO_HOME=/opt/rustwide/cargo-home" "-e" "RUSTUP_HOME=/opt/rustwide/rustup-home" "-w" "/opt/rustwide/workdir" "-m" "1610612736" "--user" "0:0" "--network" "none" "rustops/crates-build-env@sha256:a636fd89d022f18117e1dc8fb37a0a009933cdbbe082814857f0e2024962d47c" "/opt/rustwide/cargo-home/bin/cargo" "+cfbc6d4cf1acbac5c025acf8ed68929caa551df3" "check" "--frozen" "--all" "--all-targets" "--message-format=json", kill_on_drop: false }`
[INFO] [stdout] 9e0bfa726a796946227e2de03e7c9a668b08f87db240f23a8997bd4e75944ce0
[INFO] [stderr] WARNING: Your kernel does not support swap limit capabilities or the cgroup is not mounted. Memory limited without swap.
[INFO] running `Command { std: "docker" "start" "-a" "9e0bfa726a796946227e2de03e7c9a668b08f87db240f23a8997bd4e75944ce0", kill_on_drop: false }`
[INFO] [stderr]     Checking parser_combinator v0.1.0 (/opt/rustwide/workdir)
[INFO] [stdout] warning: unused import: `std::process::Output`
[INFO] [stdout]  --> src/main.rs:1:5
[INFO] [stdout]   |
[INFO] [stdout] 1 | use std::process::Output;
[INFO] [stdout]   |     ^^^^^^^^^^^^^^^^^^^^
[INFO] [stdout]   |
[INFO] [stdout]   = note: `#[warn(unused_imports)]` on by default
[INFO] [stdout] 
[INFO] [stdout] 
[INFO] [stdout] warning: unused import: `std::process::Output`
[INFO] [stdout]  --> src/main.rs:1:5
[INFO] [stdout]   |
[INFO] [stdout] 1 | use std::process::Output;
[INFO] [stdout]   |     ^^^^^^^^^^^^^^^^^^^^
[INFO] [stdout]   |
[INFO] [stdout]   = note: `#[warn(unused_imports)]` on by default
[INFO] [stdout] 
[INFO] [stdout] 
[INFO] [stdout] error[E0618]: expected function, found `impl Parser<'_, ((), std::string::String)>`
[INFO] [stdout]    --> src/main.rs:169:16
[INFO] [stdout]     |
[INFO] [stdout] 167 |     let tag_opener = pair(match_literal("<"), identifier);
[INFO] [stdout]     |         ---------- `impl Parser<'_, ((), std::string::String)>` defined here
[INFO] [stdout] 168 |     assert_eq!(Ok(("/>", ((), "my-first-element".to_string()))),
[INFO] [stdout] 169 |                tag_opener("<my-first-element/>"));
[INFO] [stdout]     |                ^^^^^^^^^^-----------------------
[INFO] [stdout]     |                |
[INFO] [stdout]     |                call expression requires function
[INFO] [stdout] 
[INFO] [stdout] 
[INFO] [stdout] error[E0618]: expected function, found `impl Parser<'_, ((), std::string::String)>`
[INFO] [stdout]    --> src/main.rs:169:16
[INFO] [stdout]     |
[INFO] [stdout] 167 |     let tag_opener = pair(match_literal("<"), identifier);
[INFO] [stdout]     |         ---------- `impl Parser<'_, ((), std::string::String)>` defined here
[INFO] [stdout] 168 |     assert_eq!(Ok(("/>", ((), "my-first-element".to_string()))),
[INFO] [stdout] 169 |                tag_opener("<my-first-element/>"));
[INFO] [stdout]     |                ^^^^^^^^^^-----------------------
[INFO] [stdout]     |                |
[INFO] [stdout]     |                call expression requires function
[INFO] [stdout] 
[INFO] [stdout] 
[INFO] [stdout] error[E0618]: expected function, found `impl Parser<'_, ((), std::string::String)>`
[INFO] [stdout]    --> src/main.rs:171:29
[INFO] [stdout]     |
[INFO] [stdout] 167 |     let tag_opener = pair(match_literal("<"), identifier);
[INFO] [stdout]     |         ---------- `impl Parser<'_, ((), std::string::String)>` defined here
[INFO] [stdout] ...
[INFO] [stdout] 171 |     assert_eq!(Err("oops"), tag_opener("oops"));
[INFO] [stdout]     |                             ^^^^^^^^^^--------
[INFO] [stdout]     |                             |
[INFO] [stdout]     |                             call expression requires function
[INFO] [stdout] 
[INFO] [stdout] 
[INFO] [stdout] error[E0618]: expected function, found `impl Parser<'_, ((), std::string::String)>`
[INFO] [stdout]    --> src/main.rs:172:30
[INFO] [stdout]     |
[INFO] [stdout] 167 |     let tag_opener = pair(match_literal("<"), identifier);
[INFO] [stdout]     |         ---------- `impl Parser<'_, ((), std::string::String)>` defined here
[INFO] [stdout] ...
[INFO] [stdout] 172 |     assert_eq!(Err("!oops"), tag_opener("<!oops"));
[INFO] [stdout]     |                              ^^^^^^^^^^----------
[INFO] [stdout]     |                              |
[INFO] [stdout]     |                              call expression requires function
[INFO] [stdout] 
[INFO] [stdout] 
[INFO] [stdout] error[E0618]: expected function, found `impl Parser<'_, ((), std::string::String)>`
[INFO] [stdout]    --> src/main.rs:171:29
[INFO] [stdout]     |
[INFO] [stdout] 167 |     let tag_opener = pair(match_literal("<"), identifier);
[INFO] [stdout]     |         ---------- `impl Parser<'_, ((), std::string::String)>` defined here
[INFO] [stdout] ...
[INFO] [stdout] 171 |     assert_eq!(Err("oops"), tag_opener("oops"));
[INFO] [stdout]     |                             ^^^^^^^^^^--------
[INFO] [stdout]     |                             |
[INFO] [stdout]     |                             call expression requires function
[INFO] [stdout] 
[INFO] [stdout] 
[INFO] [stdout] error: aborting due to 3 previous errors; 1 warning emitted
[INFO] [stdout] 
[INFO] [stdout] 
[INFO] [stdout] For more information about this error, try `rustc --explain E0618`.
[INFO] [stdout] 
[INFO] [stdout] error[E0618]: expected function, found `impl Parser<'_, ((), std::string::String)>`
[INFO] [stdout]    --> src/main.rs:172:30
[INFO] [stdout]     |
[INFO] [stdout] 167 |     let tag_opener = pair(match_literal("<"), identifier);
[INFO] [stdout]     |         ---------- `impl Parser<'_, ((), std::string::String)>` defined here
[INFO] [stdout] ...
[INFO] [stdout] 172 |     assert_eq!(Err("!oops"), tag_opener("<!oops"));
[INFO] [stdout]     |                              ^^^^^^^^^^----------
[INFO] [stdout]     |                              |
[INFO] [stdout]     |                              call expression requires function
[INFO] [stdout] 
[INFO] [stdout] 
[INFO] [stderr] error: could not compile `parser_combinator`.
[INFO] [stderr] 
[INFO] [stderr] To learn more, run the command again with --verbose.
[INFO] [stderr] warning: build failed, waiting for other jobs to finish...
[INFO] [stdout] error: aborting due to 3 previous errors; 1 warning emitted
[INFO] [stdout] 
[INFO] [stdout] 
[INFO] [stdout] For more information about this error, try `rustc --explain E0618`.
[INFO] [stdout] 
[INFO] [stderr] error: build failed
[INFO] running `Command { std: "docker" "inspect" "9e0bfa726a796946227e2de03e7c9a668b08f87db240f23a8997bd4e75944ce0", kill_on_drop: false }`
[INFO] running `Command { std: "docker" "rm" "-f" "9e0bfa726a796946227e2de03e7c9a668b08f87db240f23a8997bd4e75944ce0", kill_on_drop: false }`
[INFO] [stdout] 9e0bfa726a796946227e2de03e7c9a668b08f87db240f23a8997bd4e75944ce0
